
16
What is (-11 - (-3 - 0)) + (-1 - -13) + 1?
5
What is (-3 - 23) + (0 - ((-12 - -21) + -4))?
-31
Calculate 2 - -3 - (1 + 9 + -6 - -2).
-1
What is the value of (-3 - (4 + -18)) + 26 + -17 + 9?
29
Calculate -4 + (-2 + 4 - (10 + -16)).
4
What is the value of 72 + -68 - (-24 + 0) - 3?
25
(-1 - 3) + -23 + 154 + -145
-18
What is the value of 31 + (-41 + 23 - 22)?
-9
Calculate 12 + -28 + 12 + 27.
23
6 - (-570 - -573 - (7 + 1 + 1))
12
Evaluate -11 - (-42 + (29 - 29)).
31
Calculate 16 - (28 + -35) - 39.
-16
Calculate -23 + -43 + 72 - -17.
23
Calculate 0 - 1 - (-25 + 15).
9
Evaluate (5 - (5 + 7)) + 2 - -5.
0
What is the value of (-1 - -4) + 44 + -48 + 5?
4
What is 88 - 124 - (-3 - (1 + 1 - 1))?
-32
What is -107 + 99 - (2 + -3)?
-7
Calculate -25 - (0 + -4 + 14) - 1.
-36
What is (-5 - 6 - -8) + 6 - (2 + -4)?
5
Calculate -15 + (5 + 3 - 6 - 4).
-17
Evaluate 1 - (78 + -76 - (-1 + 17)).
15
What is the value of 23 - 6 - 31 - -25?
11
What is (17 - 20 - 10) + -3 + (1 - 7)?
-22
Calculate 7 - (-2 + (-3 - (-3 - 2))).
7
Calculate (3 - 13 - -2) + -9 + 8 - 4.
-13
What is (-2 - 0) + (11 + 3 - (-29 - -33))?
8
What is (0 - 8 - 2) + (-5 - -2) + 5?
-8
What is 1 + 4 + -5 - (1 + 3)?
-4
-31 + 19 - -2 - -1
-9
Calculate 1 + -2 - -4 - (-2 - 7 - -9).
3
What is the value of -9 - (-13 - -1 - -5)?
-2
What is 184 + -172 + (4 - 1) + -42?
-27
16 - 35 - (-13 - -8)
-14
Calculate (-1 - 7 - 1) + (9 - 8) + -8.
-16
-2 - (11 + -1) - (12 + -35)
11
Evaluate 933 + -905 - (7 - -1).
20
31 - (36 - 70 - -45)
20
-4 + -6 + (6 - 0) + -14 + -2
-20
Calculate -9 - (4 + -6 + 20 + -11).
-16
Calculate 9 + -8 + 11 - 18.
-6
What is 8 - 0 - (-186 + 182)?
12
What is 29 + -3 + 1 - 41?
-14
Calculate -3 - 6 - (-226 + 226).
-9
2 + -11 + (-15 - -20) + -10 + 1
-13
What is the value of (3 - -2 - -5) + -5?
5
(-11 - -9 - (2 + -1)) + -6 + 36
27
4 - ((-2 - (-8 + -4)) + -5 - -3)
-4
Evaluate (3 - (-2 + -2)) + (-20 - (-10 + 6)).
-9
Calculate 37 + 0 - (-1460 - -1497).
0
Evaluate (-4 - 8 - -20) + (-23 - -9).
-6
What is 6 - (-16 + 4 + 18) - (1 + 0)?
-1
Calculate -6 - -39 - 14 - 32.
-13
What is the value of (-1 - (4 + -2) - (0 + 3)) + -1?
-7
Calculate 1 + 8 + -2 + -2 + -3 + 24.
26
Evaluate (-12 - -3 - 2) + (10 - 4).
-5
Calculate -8 + 34 + -2 - 2.
22
What is the value of 8 - 61 - (8 - (35 - 9))?
-35
Evaluate -1 + -6 + (3 - (7 - 1 - 9)).
-1
What is 13 + 24 + -8 - (8 - 0)?
21
What is the value of (9 - 13 - (0 + 1)) + (8 - -5)?
8
What is the value of (-1196 - -1174) + (27 - 1)?
4
What is (8 - 29) + 43 + -39?
-17
-6 + 3 + -1 + (11 - 7) + -28
-28
Evaluate -11 + (4 - (4 + -9)) + -5.
-7
What is the value of -20 + 29 - -25 - 6 - (0 + -2)?
30
Evaluate 5 + 5 + 1 + 11 + -9 + -5.
8
Calculate 18 - (2 + -8 + 1 + 13).
10
Calculate (-37 - -32 - 22) + 1 + 2.
-24
12 + -34 + (3 - -2)
-17
What is -3 + 18 + 3 + (0 - 2) + -4?
12
9 - (1 + 0 + 0 + -25 + 25)
8
Evaluate (-12 - (6 + -8)) + (-62 - -69).
-3
42 - 1 - (-1621 - -1646)
16
-12 + 14 + -43 + 19
-22
Evaluate -7 + (12 + -18 - (-5 + 0)).
-8
-17 - (-7 - -3) - -22
9
-14 + (6 + 9 - 8)
-7
Evaluate 10 - (2 + -22 + 46).
-16
What is (6 + 5 - 12) + 8?
7
Calculate -1 + 10 + -8 - 4.
-3
Evaluate 5 - ((1 - 2 - -11) + -5) - 12.
-12
What is the value of -3 - (13 - (-6 + 7 + 0))?
-15
Evaluate -2 - -10 - (25 - (-29 - -43)).
-3
Calculate 8 - (-9 + 9 + 6).
2
(2 - (-1 - 4) - -2) + 8 - 5
12
What is the value of -8 - (-6 - 6) - (-7 + 0)?
11
Evaluate (24 - 1) + -7 - (0 + 31).
-15
What is the value of 1 - 2 - ((9 - 61) + 41)?
10
0 + (0 - (-9 + 14)) - (-20 + -1)
16
What is -12 + ((-7 - -17) + -2 - (-5 - -10))?
-9
Calculate 8 - (10 + -4 - -3) - (-3 - 3).
5
What is the value of 15 + -8 + (6 - 4) + -5 + 4?
8
Calculate (-188 - -177) + (2 - (2 - -5)).
-16
Evaluate 4 + -12 + ((16 - 7) + -18 - 1).
-18
What is -2 - (0 - 0) - -16 - (-20 - -17)?
17
What is the value of -50 + 13 + -21 - -30?
-28
7 + -7 + -15 + 15 + 18
18
What is 2 + (8 + 2 - 14 - 14) + -9?
-25
Calculate (-5 + -3 - -6) + -1 + -4.
-7
(-135 - -113) + -1 + (-2 - -4 - -4)
-17
-17 + 7 + 21 - (15 - 5)
1
What is (8 - -33) + -42 + 27?
26
(-1 - (6 + -6)) + -10 + 6
-5
What is the value of (-3 - 4) + (-2 - (-1 + -3)) - 4?
-9
What is the value of 7 + (19 - 7) + -10 - (1 + -5)?
13
Evaluate 1 + 6 + -15 + 1 + 4.
-3
Evaluate (9 - 20 - -5) + 19 + 1 - 7.
7
What is the value of -4 - (-403 - -403 - (0 + 0 + -3))?
-7
What is (-30 - (2 + -3)) + 19?
-10
What is the value of -13 - (-4 + (4 - 4) + 4 + -3)?
-10
-2 + 14 + 12 + (-4 - 2)
18
Evaluate 4 + 0 - (1 - (-21 + 8 + 13)).
3
What is 7 - (24 - (40 - 51))?
-28
What is the value of 20 - (-3 + 4) - (1 - -6)?
12
(-2 - (3 + -1)) + (43 - 34) - -1
6
19 + (-1 - 0) + (-124 - -134)
28
3 - (10 + (2 - (5 + -2)))
-6
What is -10 - (20 + (1 - 34))?
3
Calculate 17 + (2 - (-4 + (-3 - (-16 - -3)))).
13
What is the value of 1 - -1 - ((8 - (-7 - -19)) + 14)?
-8
What is 14 + -11 - 6 - -7 - 14?
-10
Evaluate 11 - (-5 - -4) - (-81 - -92).
1
Calculate 25 + (0 + -26 - -9).
8
What is the value of 1 + 10 - (-1 - 4 - (4 - 12))?
8
19 - 25 - (-14 - (0 + 3 + -4))
7
Calculate 11 + (-6 - 14) - (6 + -9).
-6
What is the value of (-3 - -2 - (21 + -29)) + (-7 - 3)?
-3
What is the value of (6 - 4) + -3 - (18 - (0 - -8))?
-11
What is (40 - 36) + -10 - (-4 - -2)?
-4
3 + -23 + (11 - -20)
11
Calculate 4 - -26 - (51 - 46).
25
46 + (0 - -1) + -34
13
Evaluate 2 - -5 - (-5 + 15 + -15).
12
What is the value of 31 + -1 + 29 + -40 - (-3 + -7)?
29
Calculate -4 + 1 + (2 - 1) - 9.
-11
Calculate 13 - (7 + -3 - (0 - 1) - 0).
8
8 + (-5 - (5 - -10))
-12
-6 + 14 - ((-17 - -18) + 8)
-1
Calculate (18 - 11 - (5 + (-5 - -2))) + 0.
5
What is -4 + 14 + -37 + 5?
-22
What is the value of 9 + 1 - (-96 + 92)?
14
What is the value of 2 + -3 + (28 + -16 - 8) + 14?
17
-3 + -6 + (-7 - (-25 - (-2 + 0)))
7
-9 + -58 + 54 + (-1 - -1)
-13
What is the value of (15 - 11) + -18 - (-3 - -9)?
-20
Evaluate 4 + 10 - (-16 - -8).
22
Evaluate (33 - 0) + (-4 - -4 - 17).
16
What is (2 - 3 - (11 + (-18 - -10))) + 10?
6
15 + -15 + (-20 - (-3 + 2) - -2)
-17
What is (-30 - (48 - 47)) + 0?
-31
What is the value of (-6 - -5) + 32 + -41?
-10
Calculate 5 - 19 - (2 + -5).
-11
-28 - (32 - 7 - 35)
-18
Evaluate 5 - (-29 + -1) - 74.
-39
What is 8 + -13 - -13 - 11 - -10?
7
Evaluate -11 + -10 + 20 + (-3 - -3 - 6).
-7
Evaluate -12 - (-35 + 10 - -20) - (0 + 18).
-25
-4 - (-3 - (9 + -4 + 2))
6
Calculate (-5 - -7) + -9 - -1.
-6
13 + 0 + 14 + (-90 - -77)
14
-1 - 4 - (75 + (-75 - 5))
0
What is -13 + -30 + 130 + -117?
-30
What is (-8 - 0) + (-12 + 15 + -13 - -4)?
-14
What is the value of (-71 - -27) + 20 + -18 + 9?
-33
30 + -30 + 11 + (-1 - 10) + 7
7
-2 + 0 + -6 + 11 + 5
8
Evaluate 30 - (-8 + 4 - -5) - (-124 - -130).
23
Evaluate -43 + 0 + 165 + -138.
-16
15 - (-13 + 10 + -9)
27
Calculate (7 - (11 + -18 - -17)) + 9.
6
(0 - 14) + 2 + -31 + 31
-12
(8 + -3 - (1 - (-3 + -2))) + 7
6
What is the value of (13 + -15 - 6 - -7) + 6?
5
9 + (-8 - 1) + (-14 - -1)
-13
17 - 4 - -14 - 37
-10
Evaluate (-7 - 2 - (4 - 8)) + 4.
-1
What is the value of (-9 - (9 - 22)) + (4 - -4)?
12
Calculate -8 + 3 + 5 + 0 + -17.
-17
What is the value of 9 - (41 + -14 - (0 + 10)) - 11?
-19
What is (-25 - 2) + 4 + (17 + -39 - -24)?
-21
(-10 - -1) + (0 - (9 - 13 - -6))
-11
Evaluate -7 + (-8 - -2 - (18 - 19) - -10).
-2
Evaluate 21 - 17 - (-3 - -11) - 6.
-10
Calculate -20 + (-31 + 59 - 21).
-13
Evaluate 0 + 6 + -6 + -3 + (-10 - 0).
-13
What is 2 + (5 - 22) - (21 - (13 - 1))?
-24
12 + 23 + -27 + -4
4
What is the value of -2 - 1 - (-89 - -92) - (0 + -9)?
3
Evaluate 20 + -28 + 0 + (-1 - -1).
-8
Evaluate 1 + -13 + (4 - -3 - -1).
-4
Evaluate (-4 - (-3 + (0 - 3))) + 4 + 3.
9
31 + -7 + -14 - (4 - -4)
2
-10 - (6 + -10 + -7 + -10)
11
4 + -2 + 9 + -2 + (15 - 12)
12
Calculate -1 + (-11 - -9 - -6).
3
1 + 17 - (104 - 110)
24
What is -4 + -6 + 7 + 12 - 4?
5
Evaluate -32 - (-13 + -11 + 1).
-9
What is 0 + -6 + (349 - 333)?
10
Calculate -7 + (6 - 10) + -1 + -1.
-13
What is the value of (-8 - -2) + 22 - 8?
8
Evaluate -1 - (41 - 19) - -16.
-7
-6 + 4 + (5 - (6 + -11)) + -3
5
Calculate (0 - 8) + (2185 - 2184).
-7
Calculate 163 - 198 - (-3 - -7).
-39
What is 10 + (11 - (-10 + 3 - (14 + -14)))?
28
Calculate ((4 - 4) + -3 - -2) + -2.
-3
What is (1 - 3) + (1 - (3 - -5) - -6)?
-3
Evaluate (2 - 1) + 4 + (26 - (22 - 8)).
17
What is 4 + (12 + -40 - -11)?
-13
What is 9 + 2 - 4 - (-7 + 28)?
-14
(-3 - -1 - (18 - (3 - -